{"id":258,"date":"2019-07-30T15:45:21","date_gmt":"2019-07-30T18:45:21","guid":{"rendered":"http:\/\/lvdfitness.com.br\/?page_id=258"},"modified":"2023-09-24T14:50:34","modified_gmt":"2023-09-24T17:50:34","slug":"gestao-esportiva","status":"publish","type":"page","link":"https:\/\/lvdfitness.com.br\/index.php\/gestao-esportiva\/","title":{"rendered":"Gest\u00e3o Esportiva"},"content":{"rendered":"\t\t<div data-elementor-type=\"wp-post\" data-elementor-id=\"258\" class=\"elementor elementor-258\" data-elementor-post-type=\"page\">\n\t\t\t\t\t\t\t\t\t<section class=\"elementor-section elementor-top-section elementor-element elementor-element-f8311c6 elementor-section-boxed elementor-section-height-default elementor-section-height-default\" data-id=\"f8311c6\" data-element_type=\"section\" data-settings=\"{&quot;background_background&quot;:&quot;classic&quot;}\">\n\t\t\t\t\t\t<div class=\"elementor-container elementor-column-gap-default\">\n\t\t\t\t\t<div class=\"elementor-column elementor-col-100 elementor-top-column elementor-element elementor-element-b110f38\" data-id=\"b110f38\" data-element_type=\"column\">\n\t\t\t<div class=\"elementor-widget-wrap elementor-element-populated\">\n\t\t\t\t\t\t\t\t<div class=\"elementor-element elementor-element-a36bebd elementor-widget elementor-widget-heading\" data-id=\"a36bebd\" data-element_type=\"widget\" data-widget_type=\"heading.default\">\n\t\t\t\t<div class=\"elementor-widget-container\">\n\t\t\t<h2 class=\"elementor-heading-title elementor-size-default\">Gest\u00e3o Esportiva<\/h2>\t\t<\/div>\n\t\t\t\t<\/div>\n\t\t\t\t<div class=\"elementor-element elementor-element-8e4186f elementor-widget elementor-widget-heading\" data-id=\"8e4186f\" data-element_type=\"widget\" data-widget_type=\"heading.default\">\n\t\t\t\t<div class=\"elementor-widget-container\">\n\t\t\t<h2 class=\"elementor-heading-title elementor-size-default\"><a href=\"http:\/\/lvdfitness.com.br\/\">Home \/ Gest\u00e3o Esportiva<\/a><\/h2>\t\t<\/div>\n\t\t\t\t<\/div>\n\t\t\t\t<div class=\"elementor-element elementor-element-e91063b elementor-widget elementor-widget-heading\" data-id=\"e91063b\" data-element_type=\"widget\" data-widget_type=\"heading.default\">\n\t\t\t\t<div class=\"elementor-widget-container\">\n\t\t\t<h2 class=\"elementor-heading-title elementor-size-default\">O seu condom\u00ednio como voc\u00ea sempre sonhou!<\/h2>\t\t<\/div>\n\t\t\t\t<\/div>\n\t\t\t\t<div class=\"elementor-element elementor-element-b9b212c elementor-widget-divider--view-line elementor-widget elementor-widget-divider\" data-id=\"b9b212c\" data-element_type=\"widget\" data-widget_type=\"divider.default\">\n\t\t\t\t<div class=\"elementor-widget-container\">\n\t\t\t\t\t<div class=\"elementor-divider\">\n\t\t\t<span class=\"elementor-divider-separator\">\n\t\t\t\t\t\t<\/span>\n\t\t<\/div>\n\t\t\t\t<\/div>\n\t\t\t\t<\/div>\n\t\t\t\t<div class=\"elementor-element elementor-element-f58c35c elementor-widget elementor-widget-text-editor\" data-id=\"f58c35c\" data-element_type=\"widget\" data-widget_type=\"text-editor.default\">\n\t\t\t\t<div class=\"elementor-widget-container\">\n\t\t\t\t\t\t\tUm dos mais eficientes e organizados sistemas de implementa\u00e7\u00e3o e gest\u00e3o de atividades f\u00edsicas e lazer em condom\u00ednios do mercado, que transforma a \u00e1rea comum em um Completo Clube com atividades f\u00edsicas e de lazer para todos os p\u00fablicos e idades, promovendo sa\u00fade, bem estar com toda comodidade e seguran\u00e7a, al\u00e9m de socializa\u00e7\u00e3o e integra\u00e7\u00e3o entre os cond\u00f4minos.\t\t\t\t\t\t<\/div>\n\t\t\t\t<\/div>\n\t\t\t\t<div class=\"elementor-element elementor-element-81182c5 elementor-widget elementor-widget-heading\" data-id=\"81182c5\" data-element_type=\"widget\" data-widget_type=\"heading.default\">\n\t\t\t\t<div class=\"elementor-widget-container\">\n\t\t\t<h2 class=\"elementor-heading-title elementor-size-default\">A sa\u00fade de sua fam\u00edlia nas m\u00e3os certas<\/h2>\t\t<\/div>\n\t\t\t\t<\/div>\n\t\t\t\t<div class=\"elementor-element elementor-element-f57d856 elementor-widget-divider--view-line elementor-widget elementor-widget-divider\" data-id=\"f57d856\" data-element_type=\"widget\" data-widget_type=\"divider.default\">\n\t\t\t\t<div class=\"elementor-widget-container\">\n\t\t\t\t\t<div class=\"elementor-divider\">\n\t\t\t<span class=\"elementor-divider-separator\">\n\t\t\t\t\t\t<\/span>\n\t\t<\/div>\n\t\t\t\t<\/div>\n\t\t\t\t<\/div>\n\t\t\t\t<div class=\"elementor-element elementor-element-a1e72a9 elementor-widget elementor-widget-text-editor\" data-id=\"a1e72a9\" data-element_type=\"widget\" data-widget_type=\"text-editor.default\">\n\t\t\t\t<div class=\"elementor-widget-container\">\n\t\t\t\t\t\t\t<ul><li>Profissionais qualificados em Ed. F\u00edsica, qualificados pelo Cref (Conselho regional de Educa\u00e7\u00e3o F\u00edsica) selecionados e treinados em suas modalidades de atua\u00e7\u00e3o;<\/li><li>Padr\u00e3o de Qualidade Profissional UP! Nossa Escola de Excel\u00eancia trabalha e recicla com todos os nossos profissionais, aspectos do melhor atendimento, prescri\u00e7\u00e3o t\u00e9cnica, postura profissional, motiva\u00e7\u00e3o e lideran\u00e7a;<\/li><li>Estrutura organizacional hier\u00e1rquica com coordena\u00e7\u00e3o, ger\u00eancia e diretoria, para garantir a melhor supervis\u00e3o dos servi\u00e7os prestados, maior satisfa\u00e7\u00e3o dos praticantes,e total suporte ao corpo diretivo.<\/li><\/ul>\t\t\t\t\t\t<\/div>\n\t\t\t\t<\/div>\n\t\t\t\t<div class=\"elementor-element elementor-element-a62cfc5 elementor-widget elementor-widget-heading\" data-id=\"a62cfc5\" data-element_type=\"widget\" data-widget_type=\"heading.default\">\n\t\t\t\t<div class=\"elementor-widget-container\">\n\t\t\t<h2 class=\"elementor-heading-title elementor-size-default\">Por que ter gest\u00e3o esportiva em meu condom\u00ednio?<\/h2>\t\t<\/div>\n\t\t\t\t<\/div>\n\t\t\t\t<div class=\"elementor-element elementor-element-6957e2f elementor-widget-divider--view-line elementor-widget elementor-widget-divider\" data-id=\"6957e2f\" data-element_type=\"widget\" data-widget_type=\"divider.default\">\n\t\t\t\t<div class=\"elementor-widget-container\">\n\t\t\t\t\t<div class=\"elementor-divider\">\n\t\t\t<span class=\"elementor-divider-separator\">\n\t\t\t\t\t\t<\/span>\n\t\t<\/div>\n\t\t\t\t<\/div>\n\t\t\t\t<\/div>\n\t\t\t\t<div class=\"elementor-element elementor-element-fb513e5 elementor-widget elementor-widget-text-editor\" data-id=\"fb513e5\" data-element_type=\"widget\" data-widget_type=\"text-editor.default\">\n\t\t\t\t<div class=\"elementor-widget-container\">\n\t\t\t\t\t\t\t<ul><li>Valoriza\u00e7\u00e3o do Empreendimento e redu\u00e7\u00e3o de Custos;<\/li><li>Melhor uso e otimiza\u00e7\u00e3o dos espa\u00e7os das \u00e1reas comuns, e consultoria na aquisi\u00e7\u00e3o e conserva\u00e7\u00e3o dos equipamentos;<\/li><li>Redu\u00e7\u00e3o nas incid\u00eancias de ocorr\u00eancia relacionadas a danos e depreda\u00e7\u00e3o da \u00e1rea comum;<\/li><li>Diferencial que otimiza consideravelmente a venda ou aluguel dos aptos, por conta da economia e comodidade que as fam\u00edlias usufruem por ter os servi\u00e7os dentro do condom\u00ednio.<\/li><\/ul>\t\t\t\t\t\t<\/div>\n\t\t\t\t<\/div>\n\t\t\t\t<div class=\"elementor-element elementor-element-5b0b692 elementor-widget elementor-widget-heading\" data-id=\"5b0b692\" data-element_type=\"widget\" data-widget_type=\"heading.default\">\n\t\t\t\t<div class=\"elementor-widget-container\">\n\t\t\t<h2 class=\"elementor-heading-title elementor-size-default\">Vantagens para os cond\u00f4minos<\/h2>\t\t<\/div>\n\t\t\t\t<\/div>\n\t\t\t\t<div class=\"elementor-element elementor-element-6a992f2 elementor-widget-divider--view-line elementor-widget elementor-widget-divider\" data-id=\"6a992f2\" data-element_type=\"widget\" data-widget_type=\"divider.default\">\n\t\t\t\t<div class=\"elementor-widget-container\">\n\t\t\t\t\t<div class=\"elementor-divider\">\n\t\t\t<span class=\"elementor-divider-separator\">\n\t\t\t\t\t\t<\/span>\n\t\t<\/div>\n\t\t\t\t<\/div>\n\t\t\t\t<\/div>\n\t\t\t\t<div class=\"elementor-element elementor-element-edd468a elementor-widget elementor-widget-text-editor\" data-id=\"edd468a\" data-element_type=\"widget\" data-widget_type=\"text-editor.default\">\n\t\t\t\t<div class=\"elementor-widget-container\">\n\t\t\t\t\t\t\t<ul><li>Integra\u00e7\u00e3o atrav\u00e9s de eventos e atividades especiais como festas em datas comemorativas, torneios esportivos, apresenta\u00e7\u00f5es e festivais, recrea\u00e7\u00e3o em f\u00e9rias escolares, acampamentos externos e internos, participa\u00e7\u00e3o em provas de corrida de rua, e muito mais;<\/li><li>Economia nos custos de sa\u00fade e lazer, pois o valor* por fam\u00edlia chegar at\u00e9 6 vezes menor para um casal com 2 filhos, comparado com os mesmos servi\u00e7os contratados em academias ou clubes externos;<\/li><li>Voc\u00ea n\u00e3o precisa mais sair de casa para alcan\u00e7ar resultados!<\/li><\/ul>\t\t\t\t\t\t<\/div>\n\t\t\t\t<\/div>\n\t\t\t\t\t<\/div>\n\t\t<\/div>\n\t\t\t\t\t\t\t<\/div>\n\t\t<\/section>\n\t\t\t\t\t\t\t<\/div>\n\t\t","protected":false},"excerpt":{"rendered":"<p>Gest\u00e3o Esportiva Home \/ Gest\u00e3o Esportiva O seu condom\u00ednio como voc\u00ea sempre sonhou! Um dos mais eficientes e organizados sistemas de implementa\u00e7\u00e3o e gest\u00e3o de atividades f\u00edsicas e lazer em condom\u00ednios do mercado, que transforma a \u00e1rea comum em um Completo Clube com atividades f\u00edsicas e de lazer para todos os p\u00fablicos e idades, promovendo &#8230; <a title=\"Gest\u00e3o Esportiva\" class=\"read-more\" href=\"https:\/\/lvdfitness.com.br\/index.php\/gestao-esportiva\/\">Read more<span class=\"screen-reader-text\">Gest\u00e3o Esportiva<\/span><\/a><\/p>\n","protected":false},"author":1,"featured_media":0,"parent":0,"menu_order":0,"comment_status":"closed","ping_status":"closed","template":"elementor_header_footer","meta":{"footnotes":""},"_links":{"self":[{"href":"https:\/\/lvdfitness.com.br\/index.php\/wp-json\/wp\/v2\/pages\/258"}],"collection":[{"href":"https:\/\/lvdfitness.com.br\/index.php\/wp-json\/wp\/v2\/pages"}],"about":[{"href":"https:\/\/lvdfitness.com.br\/index.php\/wp-json\/wp\/v2\/types\/page"}],"author":[{"embeddable":true,"href":"https:\/\/lvdfitness.com.br\/index.php\/wp-json\/wp\/v2\/users\/1"}],"replies":[{"embeddable":true,"href":"https:\/\/lvdfitness.com.br\/index.php\/wp-json\/wp\/v2\/comments?post=258"}],"version-history":[{"count":21,"href":"https:\/\/lvdfitness.com.br\/index.php\/wp-json\/wp\/v2\/pages\/258\/revisions"}],"predecessor-version":[{"id":311,"href":"https:\/\/lvdfitness.com.br\/index.php\/wp-json\/wp\/v2\/pages\/258\/revisions\/311"}],"wp:attachment":[{"href":"https:\/\/lvdfitness.com.br\/index.php\/wp-json\/wp\/v2\/media?parent=258"}],"curies":[{"name":"wp","href":"https:\/\/api.w.org\/{rel}","templated":true}]}}